{"id":990124735,"date":"2024-12-11T22:29:11","date_gmt":"2024-12-12T01:29:11","guid":{"rendered":"https:\/\/rebelviajes.com\/producto\/estancia-25-de-mayo-2\/"},"modified":"2025-05-01T10:57:12","modified_gmt":"2025-05-01T14:57:12","slug":"estancia-25-de-mayo-2","status":"publish","type":"product","link":"https:\/\/rebelviajes.com\/pt-br\/product\/estancia-25-de-mayo-2\/","title":{"rendered":"Estancia 25 de Mayo"},"content":{"rendered":"<h2 id=\"descripcion\">Descri\u00e7\u00e3o<\/h2>\n<h3>Desfrute de uma atividade diferente no cora\u00e7\u00e3o da cidade de El Calafate<\/h3>\n<p>Come\u00e7aremos esta excurs\u00e3o de meio dia \u00e0s 17h30, quando buscaremos voc\u00eas nos hot\u00e9is e seguiremos rumo \u00e0 Est\u00e2ncia 25 de Maio. Assim que chegarmos \u00e0 est\u00e2ncia, seremos recebidos com deliciosas tortas fritas e conheceremos os guias, que nos contar\u00e3o a hist\u00f3ria do local, tudo sobre os primeiros habitantes, como suas atividades se desenvolviam no s\u00e9culo XX, e desfrutaremos de uma demonstra\u00e7\u00e3o t\u00edpica de condu\u00e7\u00e3o de ovelhas com c\u00e3es. <\/p>\n<p>Depois dessa demonstra\u00e7\u00e3o, faremos uma breve caminhada pelos arredores, ao longo do Arroyo Calafate, visitando o antigo galp\u00e3o de tosquia e os currais.<\/p>\n<p>Para finalizar nosso passeio pela est\u00e2ncia, faremos uma parada no restaurante &#8220;El Quincho&#8221; para desfrutar do jantar (conforme disponibilidade e op\u00e7\u00f5es). <\/p>\n<p>De entrada: empanada criolla e um aperitivo. Prato principal: parrilla de cordeiro patag\u00f4nico assado, acompanhada de chorizo, morcilla e salada da horta org\u00e2nica. A sobremesa \u00e9 \u00e0 escolha do cliente.<\/p>\n<p>No restaurante, voc\u00ea tamb\u00e9m poder\u00e1 desfrutar de um show folcl\u00f3rico, apresentando as dan\u00e7as t\u00edpicas da Argentina.<\/p>\n<p>Por volta das 22h30, iniciaremos o retorno aos hot\u00e9is no centro da cidade de El Calafate.<\/p>\n<div class=\"divisor\"><\/div>\n<h2 id=\"detalle\">Detalhe<\/h2>\n<table>\n<tbody>\n<tr>\n<th><i class=\"fa fa-check\" aria-hidden=\"true\"><\/i> Inclui<\/th>\n<\/tr>\n<tr>\n<td>Traslados regulares de\/para os hot\u00e9is<br \/>\nRecep\u00e7\u00e3o com tortas fritas e degusta\u00e7\u00e3o de vinho<br \/>\nGuia durante a visita \u00e0 est\u00e2ncia<br \/>\nJantar com show folcl\u00f3rico no quincho da est\u00e2ncia (conforme a modalidade adquirida)<br \/>\nCena Incluye: Aperitivo de boas-vindas | P\u00e3o de campo e dips | Empanada Criolla | Cordeiro assado, chorizo, morcilla com batatas r\u00fasticas e salada da horta | Sobremesa \u00e0 escolha<br \/>\nA tarde na est\u00e2ncia inclui: Fog\u00e3o a lenha com tortas fritas e caf\u00e9 carreteiro | Demonstra\u00e7\u00e3o de condu\u00e7\u00e3o de ovelhas | Vinho montanh\u00eas no Mirador do Arroyo com degusta\u00e7\u00e3o de cordeiro confitadoaci\u00f3n de cordero confitado  <\/td>\n<\/tr>\n<\/tbody>\n<\/table>\n<p>&nbsp;<\/p>\n<table>\n<tbody>\n<tr>\n<th><i class=\"fa fa-times\" aria-hidden=\"true\"><\/i> N\u00e3o inclui<\/th>\n<\/tr>\n<tr>\n<td>Menu n\u00e3o inclui bebidas<br \/>\nGorjetas<\/td>\n<\/tr>\n<\/tbody>\n<\/table>\n<div class=\"divisor\"><\/div>\n<h2 id=\"faq\">FAQ<\/h2>\n<h3>O que levar?<\/h3>\n<p>Sapatos confort\u00e1veis para caminhada, roupas esportivas confort\u00e1veis e quentes, \u00f3culos de sol, protetor solar, gorro e luvas para o frio, roupa de aquecimento tipo fleece, casaco e cal\u00e7a imperme\u00e1veis. C\u00e2mera fotogr\u00e1fica. <\/p>\n<div class=\"divisor\"><\/div>\n<h2 id=\"condiciones\">Condi\u00e7\u00f5es<\/h2>\n<p>Consulte as <span class=\"open-modal\">condi\u00e7\u00f5es de contrata\u00e7\u00e3o<\/span> da excurs\u00e3o Estancia 25 de Mayo.<\/p>\n<div id=\"my-modal\" class=\"modal\"><button class=\"close-modal\"><i class=\"fa fa-times\" aria-hidden=\"true\"><\/i><\/button>N\u00e3o s\u00e3o realizados pick-up e drop-off (busca e entrega) em hospedagens que n\u00e3o possuam recep\u00e7\u00e3o. Neste caso, ser\u00e1 fornecido um ponto de encontro pr\u00f3ximo ao mesmo.<\/p>\n<p>A atividade pode ser cancelada gratuitamente at\u00e9 72 horas antes do hor\u00e1rio de in\u00edcio da atividade.<\/p>\n<p>Conhe\u00e7a nossos <a href=\"https:\/\/rebelviajes.com\/pt-br\/termos-e-condicoes\/\" target=\"_blank\" rel=\"noopener\">Termos e Condi\u00e7\u00f5es<\/a>.<\/p>\n<\/div>\n","protected":false},"excerpt":{"rendered":"<p>Sa\u00eddas Partindo de <strong>El Calafate<\/strong><br \/>\n<strong>Todos os dias<\/strong><br \/>\nHor\u00e1rio: <strong>in\u00edcio \u00e0s 17:30 \u2013 t\u00e9rmino \u00e0s 22:30<\/strong><\/p>\n","protected":false},"featured_media":990121246,"comment_status":"closed","ping_status":"closed","template":"","meta":{"site-sidebar-layout":"default","site-content-layout":"default","ast-site-content-layout":"default","site-content-style":"default","site-sidebar-style":"default","ast-global-header-display":"","ast-banner-title-visibility":"","ast-main-header-display":"","ast-hfb-above-header-display":"","ast-hfb-below-header-display":"","ast-hfb-mobile-header-display":"","site-post-title":"","ast-breadcrumbs-content":"","ast-featured-img":"","footer-sml-layout":"","ast-disable-related-posts":"","theme-transparent-header-meta":"default","adv-header-id-meta":"","stick-header-meta":"","header-above-stick-meta":"","header-main-stick-meta":"","header-below-stick-meta":"","astra-migrate-meta-layouts":"default","ast-page-background-enabled":"default","ast-page-background-meta":{"desktop":{"background-color":"","background-image":"","background-repeat":"repeat","background-position":"center center","background-size":"auto","background-attachment":"scroll","background-type":"","background-media":"","overlay-type":"","overlay-color":"","overlay-opacity":"","overlay-gradient":""},"tablet":{"background-color":"","background-image":"","background-repeat":"repeat","background-position":"center center","background-size":"auto","background-attachment":"scroll","background-type":"","background-media":"","overlay-type":"","overlay-color":"","overlay-opacity":"","overlay-gradient":""},"mobile":{"background-color":"","background-image":"","background-repeat":"repeat","background-position":"center center","background-size":"auto","background-attachment":"scroll","background-type":"","background-media":"","overlay-type":"","overlay-color":"","overlay-opacity":"","overlay-gradient":""}},"ast-content-background-meta":{"desktop":{"background-color":"var(--ast-global-color-5)","background-image":"","background-repeat":"repeat","background-position":"center center","background-size":"auto","background-attachment":"scroll","background-type":"","background-media":"","overlay-type":"","overlay-color":"","overlay-opacity":"","overlay-gradient":""},"tablet":{"background-color":"var(--ast-global-color-5)","background-image":"","background-repeat":"repeat","background-position":"center center","background-size":"auto","background-attachment":"scroll","background-type":"","background-media":"","overlay-type":"","overlay-color":"","overlay-opacity":"","overlay-gradient":""},"mobile":{"background-color":"var(--ast-global-color-5)","background-image":"","background-repeat":"repeat","background-position":"center center","background-size":"auto","background-attachment":"scroll","background-type":"","background-media":"","overlay-type":"","overlay-color":"","overlay-opacity":"","overlay-gradient":""}}},"product_brand":[],"product_cat":[586,515],"product_tag":[170,530],"class_list":{"0":"post-990124735","1":"product","2":"type-product","3":"status-publish","4":"has-post-thumbnail","6":"product_cat-el-calafate-pt-br","7":"product_cat-half-day-pt-br","8":"product_tag-el-calafate-pt-br","9":"product_tag-excursion-nueva-pt-br","10":"desktop-align-left","11":"tablet-align-left","12":"mobile-align-left","14":"first","15":"instock","16":"sold-individually","17":"shipping-taxable","18":"purchasable","19":"product-type-variable"},"_links":{"self":[{"href":"https:\/\/rebelviajes.com\/pt-br\/wp-json\/wp\/v2\/product\/990124735","targetHints":{"allow":["GET"]}}],"collection":[{"href":"https:\/\/rebelviajes.com\/pt-br\/wp-json\/wp\/v2\/product"}],"about":[{"href":"https:\/\/rebelviajes.com\/pt-br\/wp-json\/wp\/v2\/types\/product"}],"replies":[{"embeddable":true,"href":"https:\/\/rebelviajes.com\/pt-br\/wp-json\/wp\/v2\/comments?post=990124735"}],"version-history":[{"count":0,"href":"https:\/\/rebelviajes.com\/pt-br\/wp-json\/wp\/v2\/product\/990124735\/revisions"}],"wp:featuredmedia":[{"embeddable":true,"href":"https:\/\/rebelviajes.com\/pt-br\/wp-json\/wp\/v2\/media\/990121246"}],"wp:attachment":[{"href":"https:\/\/rebelviajes.com\/pt-br\/wp-json\/wp\/v2\/media?parent=990124735"}],"wp:term":[{"taxonomy":"product_brand","embeddable":true,"href":"https:\/\/rebelviajes.com\/pt-br\/wp-json\/wp\/v2\/product_brand?post=990124735"},{"taxonomy":"product_cat","embeddable":true,"href":"https:\/\/rebelviajes.com\/pt-br\/wp-json\/wp\/v2\/product_cat?post=990124735"},{"taxonomy":"product_tag","embeddable":true,"href":"https:\/\/rebelviajes.com\/pt-br\/wp-json\/wp\/v2\/product_tag?post=990124735"}],"curies":[{"name":"wp","href":"https:\/\/api.w.org\/{rel}","templated":true}]}}

<h2 id="descripcion">Descrição</h2>
<h3>Desfrute de uma atividade diferente no coração da cidade de El Calafate</h3>
<p>Começaremos esta excursão de meio dia às 17h30, quando buscaremos vocês nos hotéis e seguiremos rumo à Estância 25 de Maio. Assim que chegarmos à estância, seremos recebidos com deliciosas tortas fritas e conheceremos os guias, que nos contarão a história do local, tudo sobre os primeiros habitantes, como suas atividades se desenvolviam no século XX, e desfrutaremos de uma demonstração típica de condução de ovelhas com cães. </p>
<p>Depois dessa demonstração, faremos uma breve caminhada pelos arredores, ao longo do Arroyo Calafate, visitando o antigo galpão de tosquia e os currais.</p>
<p>Para finalizar nosso passeio pela estância, faremos uma parada no restaurante &#8220;El Quincho&#8221; para desfrutar do jantar (conforme disponibilidade e opções). </p>
<p>De entrada: empanada criolla e um aperitivo. Prato principal: parrilla de cordeiro patagônico assado, acompanhada de chorizo, morcilla e salada da horta orgânica. A sobremesa é à escolha do cliente.</p>
<p>No restaurante, você também poderá desfrutar de um show folclórico, apresentando as danças típicas da Argentina.</p>
<p>Por volta das 22h30, iniciaremos o retorno aos hotéis no centro da cidade de El Calafate.</p>
<div class="divisor"></div>
<h2 id="detalle">Detalhe</h2>
<table>
<tbody>
<tr>
<th><i class="fa fa-check" aria-hidden="true"></i> Inclui</th>
</tr>
<tr>
<td>Traslados regulares de/para os hotéis<br />
Recepção com tortas fritas e degustação de vinho<br />
Guia durante a visita à estância<br />
Jantar com show folclórico no quincho da estância (conforme a modalidade adquirida)<br />
Cena Incluye: Aperitivo de boas-vindas | Pão de campo e dips | Empanada Criolla | Cordeiro assado, chorizo, morcilla com batatas rústicas e salada da horta | Sobremesa à escolha<br />
A tarde na estância inclui: Fogão a lenha com tortas fritas e café carreteiro | Demonstração de condução de ovelhas | Vinho montanhês no Mirador do Arroyo com degustação de cordeiro confitadoación de cordero confitado  </td>
</tr>
</tbody>
</table>
<p>&nbsp;</p>
<table>
<tbody>
<tr>
<th><i class="fa fa-times" aria-hidden="true"></i> Não inclui</th>
</tr>
<tr>
<td>Menu não inclui bebidas<br />
Gorjetas</td>
</tr>
</tbody>
</table>
<div class="divisor"></div>
<h2 id="faq">FAQ</h2>
<h3>O que levar?</h3>
<p>Sapatos confortáveis para caminhada, roupas esportivas confortáveis e quentes, óculos de sol, protetor solar, gorro e luvas para o frio, roupa de aquecimento tipo fleece, casaco e calça impermeáveis. Câmera fotográfica. </p>
<div class="divisor"></div>
<h2 id="condiciones">Condições</h2>
<p>Consulte as <span class="open-modal">condições de contratação</span> da excursão Estancia 25 de Mayo.</p>
<div id="my-modal" class="modal"><button class="close-modal"><i class="fa fa-times" aria-hidden="true"></i></button>Não são realizados pick-up e drop-off (busca e entrega) em hospedagens que não possuam recepção. Neste caso, será fornecido um ponto de encontro próximo ao mesmo.</p>
<p>A atividade pode ser cancelada gratuitamente até 72 horas antes do horário de início da atividade.</p>
<p>Conheça nossos <a href="https://rebelviajes.com/pt-br/termos-e-condicoes/" target="_blank" rel="noopener">Termos e Condições</a>.</p>
</div>

<p>Saídas Partindo de <strong>El Calafate</strong><br />
<strong>Todos os dias</strong><br />
Horário: <strong>início às 17:30 – término às 22:30</strong></p>
