{"id":990124966,"date":"2023-02-02T10:37:57","date_gmt":"2025-03-07T14:37:25","guid":{"rendered":"https:\/\/rebelviajes.com\/producto\/minas-de-sal-maras-e-moray\/"},"modified":"2025-03-07T11:37:25","modified_gmt":"2025-03-07T14:37:25","slug":"minas-de-sal-maras-e-moray","status":"publish","type":"product","link":"https:\/\/rebelviajes.com\/pt-br\/product\/minas-de-sal-maras-e-moray\/","title":{"rendered":"Minas de Sal Maras e Moray"},"content":{"rendered":"<h2 id=\"descripcion\">Descri\u00e7\u00e3o<\/h2>\n<p>DIFICULDADE: BAIXA<br \/>\nALTURA M\u00c1XIMA: 3,500 M<br \/>\nDIST\u00c2NCIA 50 KM<\/p>\n<p>Aproveite e explore as deslumbrantes terrazas circulares constru\u00eddas pela cultura inca em Moray, al\u00e9m das incr\u00edveis minas de sal de Maras, um dos cen\u00e1rios mais impressionantes do Vale Sagrado.<\/p>\n<p>O percurso come\u00e7a com a retirada no hotel por volta das 8h da manh\u00e3, seguindo para o primeiro destino, Maras, localizada a 40 km da cidade de Cusco. O povoado de Maras \u00e9 conhecido por sua proximidade com as salineras, um conjunto de aproximadamente 5.000 po\u00e7os de extra\u00e7\u00e3o de sal, constru\u00eddos na \u00e9poca dos Incas e que formam uma paisagem impressionante. As salinas de Maras s\u00e3o um dos quatro lugares no mundo onde se pode obter sal rosa, que os moradores locais comercializam nos principais mercados de Cusco. Ap\u00f3s a visita, o percurso continua at\u00e9 Moray, situada a 74 km de Cusco, onde se encontram os famosos terra\u00e7os circulares incas. Esse local foi um dos principais centros de pesquisa agr\u00edcola da cultura inca. Os terra\u00e7os foram constru\u00eddos sobre muros de conten\u00e7\u00e3o preenchidos com terra f\u00e9rtil, permitindo o cultivo de mais de 250 esp\u00e9cies vegetais.<\/p>\n<p>Ap\u00f3s o passeio por este lugar, voc\u00ea retornar\u00e1 a Cusco.<\/p>\n<div class=\"divisor\"><\/div>\n<h2 id=\"detalle\">Detalhe<\/h2>\n<table>\n<tbody>\n<tr>\n<th><i class=\"fa fa-check\" aria-hidden=\"true\"><\/i> Inclui<\/th>\n<\/tr>\n<tr>\n<td>Retirada no seu hotel<br \/>\nGuia Profissional<br \/>\nPovoado de Maras<br \/>\nMoray Sitio Arqueol\u00f3gico<br \/>\nMinas de sal de Maras<\/td>\n<\/tr>\n<\/tbody>\n<\/table>\n<table>\n<tbody>\n<tr>\n<th><i class=\"fa fa-times\" aria-hidden=\"true\"><\/i> N\u00e3o inclui<\/th>\n<\/tr>\n<tr>\n<td>Bilhete Tur\u00edstico \u2013 Entrada Moray<br \/>\nPre\u00e7o das entradas Salineras S \/.00 novos soles.<br \/>\nAlmo\u00e7o<\/td>\n<\/tr>\n<\/tbody>\n<\/table>\n<div class=\"divisor\"><\/div>\n<h2 id=\"faq\">FAQ<\/h2>\n<h3>Onde ficam Maras e Moray e a que altitude?<\/h3>\n<p>Est\u00e1 localizado a 53 km da cidade de Cusco e a uma altitude de 3.385 m.a.s.l.<\/p>\n<h3>Como \u00e9 o clima em Maras e Moray?<\/h3>\n<p>O clima \u00e9 seco. Durante o ano, a temperatura normalmente varia de 1 \u00b0C a 19 \u00b0C e raramente cai abaixo de -1 \u00b0C ou excede 22 \u00b0C. <\/p>\n<h3>Quais s\u00e3o as melhores datas para ir a Maras e Moray?<\/h3>\n<p>As melhores \u00e9pocas do ano para visitar Maras e praticar atividades em clima quente s\u00e3o do in\u00edcio de maio a meados de junho e de meados de julho a in\u00edcio de outubro.<\/p>\n<div class=\"divisor\"><\/div>\n<h2 id=\"condiciones\">Condi\u00e7\u00f5es<\/h2>\n<p>A atividade pode ser cancelada gratuitamente at\u00e9 72 horas antes do hor\u00e1rio de in\u00edcio da atividade.<\/p>\n<p>A caminhada n\u00e3o \u00e9 recomendada para: pessoas com mais de 60 anos, crian\u00e7as menores de 12 anos, gestantes, pessoas com problemas de mobilidade, pessoas que sofrem de doen\u00e7as card\u00edacas ou qualquer doen\u00e7a de alto risco.<\/p>\n<p>Sem reembolsos: Para manter os clientes bem informados sobre qualquer incidente que possa impedir o andamento normal da viagem, a empresa sempre enviar\u00e1 comunicados para evitar falhas na comunica\u00e7\u00e3o. No entanto, n\u00e3o \u00e9 poss\u00edvel prever desastres naturais, como deslizamentos de terra ou huaycos, que possam ocorrer durante o trajeto. N\u00e3o haver\u00e1 reembolsos em caso de paralisa\u00e7\u00f5es, protestos ou desastres naturais ap\u00f3s o in\u00edcio da viagem, por\u00e9m, os passageiros receber\u00e3o assist\u00eancia. <\/p>\n<p>No-show: Os passageiros ser\u00e3o considerados no-show nos seguintes casos: se n\u00e3o comparecerem no momento da sa\u00edda, se informarem no mesmo dia que n\u00e3o utilizar\u00e3o o servi\u00e7o ou se n\u00e3o estiverem presentes dentro do hor\u00e1rio indicado.  <\/p>\n<p>Os passageiros devem aguardar no lobby do hotel ou no ponto de encontro no hor\u00e1rio de retirada combinado no momento da confirma\u00e7\u00e3o da reserva. Como se trata de um tour regular, o hor\u00e1rio de retirada pode se estender em at\u00e9 15 minutos a partir do hor\u00e1rio indicado. Para tours que exigem retirada em locais fora do nosso raio de atendimento, h\u00e1 um custo adicional; consulte-nos ou dirija-se a um ponto de encontro acordado. A retirada \u00e9 permitida apenas com mochilas ou bolsas de m\u00e3o de no m\u00e1ximo 7 kg.   <\/p>\n<p>A empresa n\u00e3o se responsabiliza pela perda de itens esquecidos pelos passageiros.<\/p>\n<p>Conhe\u00e7a nossos <a href=\"https:\/\/rebelviajes.com\/pt-br\/termos-e-condicoes\/\" target=\"_blank\" rel=\"noopener\">Termos e Condi\u00e7\u00f5es<\/a>.<\/p>\n","protected":false},"excerpt":{"rendered":"<p>Sa\u00eddas de <strong>Cusco<\/strong><br \/>\n<strong>Todos os dias<\/strong><br \/>\nHorario:<strong> in\u00edcio \u00e0s 08:00<\/strong><\/p>\n","protected":false},"featured_media":990122650,"comment_status":"open","ping_status":"closed","template":"","meta":{"site-sidebar-layout":"default","site-content-layout":"default","ast-site-content-layout":"default","site-content-style":"default","site-sidebar-style":"default","ast-global-header-display":"","ast-banner-title-visibility":"","ast-main-header-display":"","ast-hfb-above-header-display":"","ast-hfb-below-header-display":"","ast-hfb-mobile-header-display":"","site-post-title":"","ast-breadcrumbs-content":"","ast-featured-img":"","footer-sml-layout":"","ast-disable-related-posts":"","theme-transparent-header-meta":"default","adv-header-id-meta":"","stick-header-meta":"","header-above-stick-meta":"","header-main-stick-meta":"","header-below-stick-meta":"","astra-migrate-meta-layouts":"default","ast-page-background-enabled":"default","ast-page-background-meta":{"desktop":{"background-color":"","background-image":"","background-repeat":"repeat","background-position":"center center","background-size":"auto","background-attachment":"scroll","background-type":"","background-media":"","overlay-type":"","overlay-color":"","overlay-opacity":"","overlay-gradient":""},"tablet":{"background-color":"","background-image":"","background-repeat":"repeat","background-position":"center center","background-size":"auto","background-attachment":"scroll","background-type":"","background-media":"","overlay-type":"","overlay-color":"","overlay-opacity":"","overlay-gradient":""},"mobile":{"background-color":"","background-image":"","background-repeat":"repeat","background-position":"center center","background-size":"auto","background-attachment":"scroll","background-type":"","background-media":"","overlay-type":"","overlay-color":"","overlay-opacity":"","overlay-gradient":""}},"ast-content-background-meta":{"desktop":{"background-color":"var(--ast-global-color-5)","background-image":"","background-repeat":"repeat","background-position":"center center","background-size":"auto","background-attachment":"scroll","background-type":"","background-media":"","overlay-type":"","overlay-color":"","overlay-opacity":"","overlay-gradient":""},"tablet":{"background-color":"var(--ast-global-color-5)","background-image":"","background-repeat":"repeat","background-position":"center center","background-size":"auto","background-attachment":"scroll","background-type":"","background-media":"","overlay-type":"","overlay-color":"","overlay-opacity":"","overlay-gradient":""},"mobile":{"background-color":"var(--ast-global-color-5)","background-image":"","background-repeat":"repeat","background-position":"center center","background-size":"auto","background-attachment":"scroll","background-type":"","background-media":"","overlay-type":"","overlay-color":"","overlay-opacity":"","overlay-gradient":""}}},"product_brand":[],"product_cat":[601,347,221],"product_tag":[611,530],"class_list":{"0":"post-990124966","1":"product","2":"type-product","3":"status-publish","4":"has-post-thumbnail","6":"product_cat-cusco-machu-picchu-pt-br","7":"product_cat-full-day-pt","8":"product_cat-navegacao","9":"product_tag-cusco-pt-br","10":"product_tag-excursion-nueva-pt-br","11":"desktop-align-left","12":"tablet-align-left","13":"mobile-align-left","15":"first","16":"instock","17":"sold-individually","18":"shipping-taxable","19":"purchasable","20":"product-type-simple"},"_links":{"self":[{"href":"https:\/\/rebelviajes.com\/pt-br\/wp-json\/wp\/v2\/product\/990124966","targetHints":{"allow":["GET"]}}],"collection":[{"href":"https:\/\/rebelviajes.com\/pt-br\/wp-json\/wp\/v2\/product"}],"about":[{"href":"https:\/\/rebelviajes.com\/pt-br\/wp-json\/wp\/v2\/types\/product"}],"replies":[{"embeddable":true,"href":"https:\/\/rebelviajes.com\/pt-br\/wp-json\/wp\/v2\/comments?post=990124966"}],"version-history":[{"count":0,"href":"https:\/\/rebelviajes.com\/pt-br\/wp-json\/wp\/v2\/product\/990124966\/revisions"}],"wp:featuredmedia":[{"embeddable":true,"href":"https:\/\/rebelviajes.com\/pt-br\/wp-json\/wp\/v2\/media\/990122650"}],"wp:attachment":[{"href":"https:\/\/rebelviajes.com\/pt-br\/wp-json\/wp\/v2\/media?parent=990124966"}],"wp:term":[{"taxonomy":"product_brand","embeddable":true,"href":"https:\/\/rebelviajes.com\/pt-br\/wp-json\/wp\/v2\/product_brand?post=990124966"},{"taxonomy":"product_cat","embeddable":true,"href":"https:\/\/rebelviajes.com\/pt-br\/wp-json\/wp\/v2\/product_cat?post=990124966"},{"taxonomy":"product_tag","embeddable":true,"href":"https:\/\/rebelviajes.com\/pt-br\/wp-json\/wp\/v2\/product_tag?post=990124966"}],"curies":[{"name":"wp","href":"https:\/\/api.w.org\/{rel}","templated":true}]}}

<h2 id="descripcion">Descrição</h2>
<p>DIFICULDADE: BAIXA<br />
ALTURA MÁXIMA: 3,500 M<br />
DISTÂNCIA 50 KM</p>
<p>Aproveite e explore as deslumbrantes terrazas circulares construídas pela cultura inca em Moray, além das incríveis minas de sal de Maras, um dos cenários mais impressionantes do Vale Sagrado.</p>
<p>O percurso começa com a retirada no hotel por volta das 8h da manhã, seguindo para o primeiro destino, Maras, localizada a 40 km da cidade de Cusco. O povoado de Maras é conhecido por sua proximidade com as salineras, um conjunto de aproximadamente 5.000 poços de extração de sal, construídos na época dos Incas e que formam uma paisagem impressionante. As salinas de Maras são um dos quatro lugares no mundo onde se pode obter sal rosa, que os moradores locais comercializam nos principais mercados de Cusco. Após a visita, o percurso continua até Moray, situada a 74 km de Cusco, onde se encontram os famosos terraços circulares incas. Esse local foi um dos principais centros de pesquisa agrícola da cultura inca. Os terraços foram construídos sobre muros de contenção preenchidos com terra fértil, permitindo o cultivo de mais de 250 espécies vegetais.</p>
<p>Após o passeio por este lugar, você retornará a Cusco.</p>
<div class="divisor"></div>
<h2 id="detalle">Detalhe</h2>
<table>
<tbody>
<tr>
<th><i class="fa fa-check" aria-hidden="true"></i> Inclui</th>
</tr>
<tr>
<td>Retirada no seu hotel<br />
Guia Profissional<br />
Povoado de Maras<br />
Moray Sitio Arqueológico<br />
Minas de sal de Maras</td>
</tr>
</tbody>
</table>
<table>
<tbody>
<tr>
<th><i class="fa fa-times" aria-hidden="true"></i> Não inclui</th>
</tr>
<tr>
<td>Bilhete Turístico – Entrada Moray<br />
Preço das entradas Salineras S /.00 novos soles.<br />
Almoço</td>
</tr>
</tbody>
</table>
<div class="divisor"></div>
<h2 id="faq">FAQ</h2>
<h3>Onde ficam Maras e Moray e a que altitude?</h3>
<p>Está localizado a 53 km da cidade de Cusco e a uma altitude de 3.385 m.a.s.l.</p>
<h3>Como é o clima em Maras e Moray?</h3>
<p>O clima é seco. Durante o ano, a temperatura normalmente varia de 1 °C a 19 °C e raramente cai abaixo de -1 °C ou excede 22 °C. </p>
<h3>Quais são as melhores datas para ir a Maras e Moray?</h3>
<p>As melhores épocas do ano para visitar Maras e praticar atividades em clima quente são do início de maio a meados de junho e de meados de julho a início de outubro.</p>
<div class="divisor"></div>
<h2 id="condiciones">Condições</h2>
<p>A atividade pode ser cancelada gratuitamente até 72 horas antes do horário de início da atividade.</p>
<p>A caminhada não é recomendada para: pessoas com mais de 60 anos, crianças menores de 12 anos, gestantes, pessoas com problemas de mobilidade, pessoas que sofrem de doenças cardíacas ou qualquer doença de alto risco.</p>
<p>Sem reembolsos: Para manter os clientes bem informados sobre qualquer incidente que possa impedir o andamento normal da viagem, a empresa sempre enviará comunicados para evitar falhas na comunicação. No entanto, não é possível prever desastres naturais, como deslizamentos de terra ou huaycos, que possam ocorrer durante o trajeto. Não haverá reembolsos em caso de paralisações, protestos ou desastres naturais após o início da viagem, porém, os passageiros receberão assistência. </p>
<p>No-show: Os passageiros serão considerados no-show nos seguintes casos: se não comparecerem no momento da saída, se informarem no mesmo dia que não utilizarão o serviço ou se não estiverem presentes dentro do horário indicado.  </p>
<p>Os passageiros devem aguardar no lobby do hotel ou no ponto de encontro no horário de retirada combinado no momento da confirmação da reserva. Como se trata de um tour regular, o horário de retirada pode se estender em até 15 minutos a partir do horário indicado. Para tours que exigem retirada em locais fora do nosso raio de atendimento, há um custo adicional; consulte-nos ou dirija-se a um ponto de encontro acordado. A retirada é permitida apenas com mochilas ou bolsas de mão de no máximo 7 kg.   </p>
<p>A empresa não se responsabiliza pela perda de itens esquecidos pelos passageiros.</p>
<p>Conheça nossos <a href="https://rebelviajes.com/pt-br/termos-e-condicoes/" target="_blank" rel="noopener">Termos e Condições</a>.</p>

<p>Saídas de <strong>Cusco</strong><br />
<strong>Todos os dias</strong><br />
Horario:<strong> início às 08:00</strong></p>
