{"id":990124968,"date":"2023-01-10T09:40:39","date_gmt":"2023-01-10T12:40:39","guid":{"rendered":"https:\/\/rebelviajes.com\/producto\/navegacao-e-trekking-ate-cabo-froward\/"},"modified":"2025-03-07T12:06:56","modified_gmt":"2025-03-07T15:06:56","slug":"navegacao-e-trekking-ate-cabo-froward","status":"publish","type":"product","link":"https:\/\/rebelviajes.com\/pt-br\/product\/navegacao-e-trekking-ate-cabo-froward\/","title":{"rendered":"Navega\u00e7\u00e3o e Trekking at\u00e9 Cabo Froward"},"content":{"rendered":"<h2 id=\"descripcion\">Descri\u00e7\u00e3o<\/h2>\n<h3>Aproveite uma aventura diferente em um barco semidirigido at\u00e9 Cabo Froward.<\/h3>\n<p>Conhe\u00e7a o ponto mais austral do continente americano! Uma experi\u00eancia \u00fanica navegando pelas imponentes e agitadas \u00e1guas do <strong>Estreito de Magalh\u00e3es<\/strong>.<\/p>\n<p>Iniciaremos nossa atividade \u00e0s 07:00 da manh\u00e3 em <strong>Punta Arenas<\/strong>, onde buscaremos os passageiros em seus hot\u00e9is. Em seguida, seguiremos rumo ao sul, percorrendo 75 km at\u00e9 <strong>Punta del \u00e1rbol<\/strong>. <\/p>\n<p>Ao chegar em <strong>Punta del \u00c1rbol<\/strong>, nos equiparemos e receberemos uma introdu\u00e7\u00e3o de boas-vindas, juntamente com as instru\u00e7\u00f5es de seguran\u00e7a. Em seguida, embarcaremos no bote Zodiac para iniciar a navega\u00e7\u00e3o. Durante o percurso, passaremos pelo <strong>cabo San Isidro<\/strong>, <strong>Bahia del \u00c1guila<\/strong>, <strong>Bahia del Indio<\/strong> e <strong>San Nicol\u00e1s<\/strong>. Pelo caminho, teremos a companhia de <strong>golfinhos e le\u00f5es-marinhos<\/strong>, habitantes naturais desta regi\u00e3o.  <\/p>\n<p>Aproveitaremos uma paisagem natural deslumbrante, cercada por florestas e montanhas ao longo de todo o percurso. Do outro lado do <strong>Estreito de Magalh\u00e3es<\/strong> poderemos admirar glaciares suspensos sobre as majestosas montanhas da <strong>Terra do Fogo<\/strong>.<\/p>\n<p>Ap\u00f3s uma hora de navega\u00e7\u00e3o, chegaremos ao <strong>Cabo Froward<\/strong> onde iniciaremos uma caminhada at\u00e9 a <strong>Cruz dos Mares<\/strong>, localizada a aproximadamente 340 metros de altitude. O tempo estimado para subir e descer \u00e9 de cerca de 3 horas.<\/p>\n<p>No caminho at\u00e9 o topo, poderemos admirar a flora e fauna local e, com um pouco de sorte, avistar alguns <strong>animais selvagens<\/strong>. Al\u00e9m disso, teremos a oportunidade de aprender mais sobre a hist\u00f3ria e cultura desta regi\u00e3o \u00fanica, habitada por <strong>povos ind\u00edgenas<\/strong> h\u00e1 milhares de anos. <\/p>\n<p>No final, faremos o retorno para pegar o ve\u00edculo que nos levar\u00e1 de volta a<strong>Punta Arenas<\/strong>, onde chegaremos aproximadamente \u00e0s 16h.<\/p>\n<div class=\"divisor\"><\/div>\n<h2 id=\"detalle\">Detalhe<\/h2>\n<table>\n<tbody>\n<tr>\n<th><i class=\"fa fa-check\" aria-hidden=\"true\"><\/i> Inclui<\/th>\n<\/tr>\n<tr>\n<td>Traslado ida e volta de Punta Arenas<br \/>\nNavega\u00e7\u00e3o no Zodiac<br \/>\nEquipamento para Trekking Guia<br \/>\nConsultar disponibilidade<br \/>\nM\u00ednimo 4 pasageiros<\/td>\n<\/tr>\n<\/tbody>\n<\/table>\n<table>\n<tbody>\n<tr>\n<th><i class=\"fa fa-times\" aria-hidden=\"true\"><\/i> N\u00e3o inclui<\/th>\n<\/tr>\n<tr>\n<td>Gorjetas<br \/>\nAcesso para cadeiras de rodas ou pessoas com mobilidade reduzida<br \/>\nComidas ou lanches<\/td>\n<\/tr>\n<\/tbody>\n<\/table>\n<div class=\"divisor\"><\/div>\n<h2 id=\"faq\">FAQ<\/h2>\n<h3>O que levar para o trekking?<\/h3>\n<p>T\u00eanis ou botas de trekking antiderrapantes, roupas esportivas confort\u00e1veis e quentes, \u00f3culos de sol, protetor solar, gorro e luvas para o frio, roupas t\u00e9rmicas tipo fleece, jaqueta e cal\u00e7a imperme\u00e1veis, al\u00e9m de \u00e1gua e c\u00e2mera fotogr\u00e1fica.  <\/p>\n<h3>A atividade exige boa condi\u00e7\u00e3o f\u00edsica? Qual a idade m\u00ednima para faz\u00ea-la?<\/h3>\n<p>Sim, a caminhada ter\u00e1 dura\u00e7\u00e3o total de 3 horas com subidas. Requer boa condi\u00e7\u00e3o f\u00edsica. <\/p>\n<div class=\"divisor\"><\/div>\n<h2 id=\"condiciones\">Condi\u00e7\u00f5es<\/h2>\n<p>Consulte as <span class=\"open-modal\">condi\u00e7\u00f5es de contrata\u00e7\u00e3o<\/span> da excurs\u00e3o Navega\u00e7\u00e3o e Trekking at\u00e9 Cabo Froward.<\/p>\n<div id=\"my-modal\" class=\"modal\"><button class=\"close-modal\"><i class=\"fa fa-times\" aria-hidden=\"true\"><\/i><\/button>A atividade pode ser cancelada gratuitamente at\u00e9 72 horas antes do hor\u00e1rio de in\u00edcio da atividade..<\/p>\n<p>Conhe\u00e7a nossos <a href=\"https:\/\/rebelviajes.com\/pt-br\/termos-e-condicoes\/\" target=\"_blank\" rel=\"noopener\">Termos e Condi\u00e7\u00f5es<\/a>.<\/p>\n<\/div>\n","protected":false},"excerpt":{"rendered":"<p>Sa\u00eddas de <strong>Punta Arenas<\/strong><br \/>\n<strong>Todos os dias<\/strong><br \/>\nHor\u00e1rio:<strong> in\u00edcio \u00e0s 07:00 \u2013 t\u00e9rmino \u00e0s 16:00<\/strong><\/p>\n<p><i><b>12% de desconto nos meses de maio, junho, julho e agosto<\/i><\/b><\/p>\n","protected":false},"featured_media":990121205,"comment_status":"open","ping_status":"closed","template":"","meta":{"site-sidebar-layout":"default","site-content-layout":"default","ast-site-content-layout":"default","site-content-style":"default","site-sidebar-style":"default","ast-global-header-display":"","ast-banner-title-visibility":"","ast-main-header-display":"","ast-hfb-above-header-display":"","ast-hfb-below-header-display":"","ast-hfb-mobile-header-display":"","site-post-title":"","ast-breadcrumbs-content":"","ast-featured-img":"","footer-sml-layout":"","ast-disable-related-posts":"","theme-transparent-header-meta":"default","adv-header-id-meta":"","stick-header-meta":"","header-above-stick-meta":"","header-main-stick-meta":"","header-below-stick-meta":"","astra-migrate-meta-layouts":"default","ast-page-background-enabled":"default","ast-page-background-meta":{"desktop":{"background-color":"","background-image":"","background-repeat":"repeat","background-position":"center center","background-size":"auto","background-attachment":"scroll","background-type":"","background-media":"","overlay-type":"","overlay-color":"","overlay-opacity":"","overlay-gradient":""},"tablet":{"background-color":"","background-image":"","background-repeat":"repeat","background-position":"center center","background-size":"auto","background-attachment":"scroll","background-type":"","background-media":"","overlay-type":"","overlay-color":"","overlay-opacity":"","overlay-gradient":""},"mobile":{"background-color":"","background-image":"","background-repeat":"repeat","background-position":"center center","background-size":"auto","background-attachment":"scroll","background-type":"","background-media":"","overlay-type":"","overlay-color":"","overlay-opacity":"","overlay-gradient":""}},"ast-content-background-meta":{"desktop":{"background-color":"var(--ast-global-color-5)","background-image":"","background-repeat":"repeat","background-position":"center center","background-size":"auto","background-attachment":"scroll","background-type":"","background-media":"","overlay-type":"","overlay-color":"","overlay-opacity":"","overlay-gradient":""},"tablet":{"background-color":"var(--ast-global-color-5)","background-image":"","background-repeat":"repeat","background-position":"center center","background-size":"auto","background-attachment":"scroll","background-type":"","background-media":"","overlay-type":"","overlay-color":"","overlay-opacity":"","overlay-gradient":""},"mobile":{"background-color":"var(--ast-global-color-5)","background-image":"","background-repeat":"repeat","background-position":"center center","background-size":"auto","background-attachment":"scroll","background-type":"","background-media":"","overlay-type":"","overlay-color":"","overlay-opacity":"","overlay-gradient":""}}},"product_brand":[],"product_cat":[347,221,605,606],"product_tag":[530,509],"class_list":{"0":"post-990124968","1":"product","2":"type-product","3":"status-publish","4":"has-post-thumbnail","6":"product_cat-full-day-pt","7":"product_cat-navegacao","8":"product_cat-punta-arenas-pt-br","9":"product_cat-trekking-pt-br","10":"product_tag-excursion-nueva-pt-br","11":"product_tag-punta-arenas-pt-br-2","12":"desktop-align-left","13":"tablet-align-left","14":"mobile-align-left","16":"first","17":"instock","18":"virtual","19":"sold-individually","20":"purchasable","21":"product-type-simple"},"_links":{"self":[{"href":"https:\/\/rebelviajes.com\/pt-br\/wp-json\/wp\/v2\/product\/990124968","targetHints":{"allow":["GET"]}}],"collection":[{"href":"https:\/\/rebelviajes.com\/pt-br\/wp-json\/wp\/v2\/product"}],"about":[{"href":"https:\/\/rebelviajes.com\/pt-br\/wp-json\/wp\/v2\/types\/product"}],"replies":[{"embeddable":true,"href":"https:\/\/rebelviajes.com\/pt-br\/wp-json\/wp\/v2\/comments?post=990124968"}],"version-history":[{"count":0,"href":"https:\/\/rebelviajes.com\/pt-br\/wp-json\/wp\/v2\/product\/990124968\/revisions"}],"wp:featuredmedia":[{"embeddable":true,"href":"https:\/\/rebelviajes.com\/pt-br\/wp-json\/wp\/v2\/media\/990121205"}],"wp:attachment":[{"href":"https:\/\/rebelviajes.com\/pt-br\/wp-json\/wp\/v2\/media?parent=990124968"}],"wp:term":[{"taxonomy":"product_brand","embeddable":true,"href":"https:\/\/rebelviajes.com\/pt-br\/wp-json\/wp\/v2\/product_brand?post=990124968"},{"taxonomy":"product_cat","embeddable":true,"href":"https:\/\/rebelviajes.com\/pt-br\/wp-json\/wp\/v2\/product_cat?post=990124968"},{"taxonomy":"product_tag","embeddable":true,"href":"https:\/\/rebelviajes.com\/pt-br\/wp-json\/wp\/v2\/product_tag?post=990124968"}],"curies":[{"name":"wp","href":"https:\/\/api.w.org\/{rel}","templated":true}]}}

Navegação e Trekking até Cabo Froward

<h2 id="descripcion">Descrição</h2>
<h3>Aproveite uma aventura diferente em um barco semidirigido até Cabo Froward.</h3>
<p>Conheça o ponto mais austral do continente americano! Uma experiência única navegando pelas imponentes e agitadas águas do <strong>Estreito de Magalhães</strong>.</p>
<p>Iniciaremos nossa atividade às 07:00 da manhã em <strong>Punta Arenas</strong>, onde buscaremos os passageiros em seus hotéis. Em seguida, seguiremos rumo ao sul, percorrendo 75 km até <strong>Punta del árbol</strong>. </p>
<p>Ao chegar em <strong>Punta del Árbol</strong>, nos equiparemos e receberemos uma introdução de boas-vindas, juntamente com as instruções de segurança. Em seguida, embarcaremos no bote Zodiac para iniciar a navegação. Durante o percurso, passaremos pelo <strong>cabo San Isidro</strong>, <strong>Bahia del Águila</strong>, <strong>Bahia del Indio</strong> e <strong>San Nicolás</strong>. Pelo caminho, teremos a companhia de <strong>golfinhos e leões-marinhos</strong>, habitantes naturais desta região.  </p>
<p>Aproveitaremos uma paisagem natural deslumbrante, cercada por florestas e montanhas ao longo de todo o percurso. Do outro lado do <strong>Estreito de Magalhães</strong> poderemos admirar glaciares suspensos sobre as majestosas montanhas da <strong>Terra do Fogo</strong>.</p>
<p>Após uma hora de navegação, chegaremos ao <strong>Cabo Froward</strong> onde iniciaremos uma caminhada até a <strong>Cruz dos Mares</strong>, localizada a aproximadamente 340 metros de altitude. O tempo estimado para subir e descer é de cerca de 3 horas.</p>
<p>No caminho até o topo, poderemos admirar a flora e fauna local e, com um pouco de sorte, avistar alguns <strong>animais selvagens</strong>. Além disso, teremos a oportunidade de aprender mais sobre a história e cultura desta região única, habitada por <strong>povos indígenas</strong> há milhares de anos. </p>
<p>No final, faremos o retorno para pegar o veículo que nos levará de volta a<strong>Punta Arenas</strong>, onde chegaremos aproximadamente às 16h.</p>
<div class="divisor"></div>
<h2 id="detalle">Detalhe</h2>
<table>
<tbody>
<tr>
<th><i class="fa fa-check" aria-hidden="true"></i> Inclui</th>
</tr>
<tr>
<td>Traslado ida e volta de Punta Arenas<br />
Navegação no Zodiac<br />
Equipamento para Trekking Guia<br />
Consultar disponibilidade<br />
Mínimo 4 pasageiros</td>
</tr>
</tbody>
</table>
<table>
<tbody>
<tr>
<th><i class="fa fa-times" aria-hidden="true"></i> Não inclui</th>
</tr>
<tr>
<td>Gorjetas<br />
Acesso para cadeiras de rodas ou pessoas com mobilidade reduzida<br />
Comidas ou lanches</td>
</tr>
</tbody>
</table>
<div class="divisor"></div>
<h2 id="faq">FAQ</h2>
<h3>O que levar para o trekking?</h3>
<p>Tênis ou botas de trekking antiderrapantes, roupas esportivas confortáveis e quentes, óculos de sol, protetor solar, gorro e luvas para o frio, roupas térmicas tipo fleece, jaqueta e calça impermeáveis, além de água e câmera fotográfica.  </p>
<h3>A atividade exige boa condição física? Qual a idade mínima para fazê-la?</h3>
<p>Sim, a caminhada terá duração total de 3 horas com subidas. Requer boa condição física. </p>
<div class="divisor"></div>
<h2 id="condiciones">Condições</h2>
<p>Consulte as <span class="open-modal">condições de contratação</span> da excursão Navegação e Trekking até Cabo Froward.</p>
<div id="my-modal" class="modal"><button class="close-modal"><i class="fa fa-times" aria-hidden="true"></i></button>A atividade pode ser cancelada gratuitamente até 72 horas antes do horário de início da atividade..</p>
<p>Conheça nossos <a href="https://rebelviajes.com/pt-br/termos-e-condicoes/" target="_blank" rel="noopener">Termos e Condições</a>.</p>
</div>

<p>Saídas de <strong>Punta Arenas</strong><br />
<strong>Todos os dias</strong><br />
Horário:<strong> início às 07:00 – término às 16:00</strong></p>
<p><i><b>12% de desconto nos meses de maio, junho, julho e agosto</i></b></p>
