{"id":990125033,"date":"2022-04-28T10:18:53","date_gmt":"2022-04-28T14:18:53","guid":{"rendered":"https:\/\/rebelviajes.com\/producto\/full-day-torres-del-paine-de-punta-arenas\/"},"modified":"2026-04-27T13:06:39","modified_gmt":"2026-04-27T17:06:39","slug":"full-day-torres-del-paine-de-punta-arenas","status":"publish","type":"product","link":"https:\/\/rebelviajes.com\/pt-br\/product\/full-day-torres-del-paine-de-punta-arenas\/","title":{"rendered":"Full Day Torres del Paine de Punta Arenas"},"content":{"rendered":"<h2 id=\"descripcion\">Descri\u00e7\u00e3o<\/h2>\n<h3>Full day Torres del Paine de Punta Arenas: conhe\u00e7a a paisagem da oitava maravilha do mundo com conforto e comodidade<\/h3>\n<p>Come\u00e7amos nosso passeio <strong>Full Day Torres del Paine<\/strong> com o embarque do passageiro no hotel para um pequeno passeio pela cidade de <strong>Puerto Natales<\/strong>. Em seguida, seguimos em dire\u00e7\u00e3o \u00e0 nossa primeira parada: o famoso <strong>Monumento Natural Cueva del Milod\u00f3n<\/strong>.<\/p>\n<p>L\u00e1, visitaremos a maior gruta de um conjunto de tr\u00eas grutas, que guardam no seu interior mais de 100 anos de hist\u00f3ria e vest\u00edgios de animais pr\u00e9-hist\u00f3ricos. Neste local, foram encontrados restos do mam\u00edfero herb\u00edvoro <strong>Mylodon Darwini<\/strong>, um animal da ordem Pilosa, que inclui os tamandu\u00e1s, tamandu\u00e1s-bandeira e bichos-pregui\u00e7a. Essa esp\u00e9cie provavelmente se extinguiu no final do Pleistoceno.<\/p>\n<p>Continuaremos desfrutando da incr\u00edvel vista da <strong>Lagoa Sofia<\/strong>, do <strong>Lago Porte\u00f1o<\/strong>, da <strong>Cordilheira Prat<\/strong>, do <strong>Cerro Mesa<\/strong>, da <strong>Sierra del Toro<\/strong> e da <strong>Sierra Ballena<\/strong>. Com 2 horas de viagem, chegaremos ao mirante do <strong>Lago del Toro<\/strong>. De l\u00e1, temos uma vista espetacular do lago e da <strong>Cordilheira Paine<\/strong>, tamb\u00e9m conhecido como <strong>Maci\u00e7o Paine<\/strong>.<\/p>\n<h3>Caminhe pelo setor de praia do Lago Grey<\/h3>\n<p>O <strong>Full Day Torres del Paine<\/strong> continua pelo setor do <strong>Lago Grey<\/strong>, onde faremos uma curta caminhada de aproximadamente 20 minutos para chegar \u00e0 margem do <strong>Lago Grey<\/strong>. A partir da\u00ed teremos outra perspectiva do <strong>Maci\u00e7o Paine<\/strong> e dos <strong>Cuernos del Paine<\/strong>, se as condi\u00e7\u00f5es metereol\u00f3gicas permitirem.<\/p>\n<p>No total, s\u00e3o percorridos cerca de 3 km em terrenos de f\u00e1cil acesso. Independentemente disso, a caminhada \u00e9 opcional para quem n\u00e3o quer ou n\u00e3o se sente em condi\u00e7\u00f5es de faz\u00ea-la. Em seguida, teremos uma pausa para almo\u00e7ar em uma cafeteria, apreciando as belas vistas do <strong>Parque Torres del Paine<\/strong>.<\/p>\n<h3>Cascata Salto Grande em Torres del Paine<\/h3>\n<p>Nossa excurs\u00e3o por <strong>Torres del Paine<\/strong> continua a seguir para o setor do <strong>Salto Grande<\/strong>, onde visitaremos um dos mirantes do <strong>Lago Peho\u00e9<\/strong>, lugar onde as gelerias do <strong>rio Paine<\/strong> descarregam suas poderosas \u00e1guas. No final da excurs\u00e3o, visitaremos a <strong>Lagoa Amarga<\/strong> e o mirante do <strong>Lago Sarmiento<\/strong> e logo retornaremos ao seu local de hospedagem.<\/p>\n<div class=\"divisor\"><\/div>\n<h2 id=\"detalle\">Detalhe<\/h2>\n<table>\n<tbody>\n<tr>\n<th><i class=\"fa fa-check\" aria-hidden=\"true\"><\/i> Inclui<\/th>\n<\/tr>\n<tr>\n<td>Traslado compartilhado<br \/>\nGuia bil\u00edngue (Espanhol e Ingl\u00eas)<\/td>\n<\/tr>\n<\/tbody>\n<\/table>\n<table>\n<tbody>\n<tr>\n<th><i class=\"fa fa-times\" aria-hidden=\"true\"><\/i> N\u00e3o inclui<\/th>\n<\/tr>\n<tr>\n<td>Gorjetas<br \/>\nEntrada no Monumento Natural Cueva del Milod\u00f3n<br \/>\nEntrada no Parque Nacional Torres del Paine<br \/>\nAlimenta\u00e7\u00e3o<br \/>\nSeguro contra acidentes<\/td>\n<\/tr>\n<\/tbody>\n<\/table>\n<div class=\"divisor\"><\/div>\n<h2 id=\"faq\">FAQ<\/h2>\n<h3>O que levar no Full Day Torres del Paine de Punta Arenas?<\/h3>\n<p>Sapatos de caminhada imperme\u00e1veis, \u00f3culos de sol, protetor solar, \u00e1gua, chap\u00e9u para o sol, chap\u00e9u e luvas para o frio, camisas de manga curta e manga comprida, agasalho tipo l\u00e3 e jaqueta e cal\u00e7a imperme\u00e1vel.<\/p>\n<h3>Qual \u00e9 o pre\u00e7o da entrada para o Monumento Nacional Cueva del Milod\u00f3n?<\/h3>\n<p>Voc\u00ea pode verificar o pre\u00e7o atualizado da entrada diretamente no site da <a href=\"https:\/\/www.conaf.cl\/parques\/monumento-natural-cueva-del-milodon\/\" target=\"_blank\" rel=\"noopener\">Conaf<\/a>.<\/p>\n<h3>Qual \u00e9 o pre\u00e7o da entrada do Parque Nacional Torres del Paine?<\/h3>\n<p>Voc\u00ea pode verificar o pre\u00e7o atualizado da entrada diretamente no site do<a href=\"https:\/\/parquetorresdelpaine.cl\/tarifas-y-horarios\/\" target=\"_blank\" rel=\"noopener\">Parque Torres del Paine<\/a>.<\/p>\n<div class=\"divisor\"><\/div>\n<h2 id=\"condiciones\">Condi\u00e7\u00f5es<\/h2>\n<p>Conhe\u00e7a as <span class=\"open-modal\">condi\u00e7\u00f5es de contrata\u00e7\u00e3o<\/span> da excurs\u00e3o Full Day Torres del Paine de Punta Arenas.<\/p>\n<div id=\"my-modal\" class=\"modal\">\n<p><button class=\"close-modal\"><i class=\"fa fa-times\" aria-hidden=\"true\"><\/i><\/button>de um dia inteiro ou meio dia em servi\u00e7o regular.<\/p>\n<p>Os locais a serem visitados est\u00e3o sujeitos a altera\u00e7\u00f5es no mesmo dia da excurs\u00e3o em caso de condi\u00e7\u00f5es clim\u00e1ticas adversas.<\/p>\n<p>O hor\u00e1rio de t\u00e9rmino desta atividade pode ser modificado devido \u00e0s condi\u00e7\u00f5es clim\u00e1ticas, por isso recomendamos que voc\u00ea n\u00e3o compre passagens para sair de Punta Arenas ou Puerto Natales at\u00e9 tr\u00eas horas ap\u00f3s o hor\u00e1rio programado para o retorno, nem deixe sua viagem para o dia seguinte ao final do passeio.<\/p>\n<p>Para os dias 25 de dezembro e 1\u00ba de janeiro, a excurs\u00e3o n\u00e3o ser\u00e1 realizada.<\/p>\n<p>Cancelamento com um m\u00ednimo de 48 horas de anteced\u00eancia, reembolso de 100% dependendo da forma de pagamento. Consulte as condi\u00e7\u00f5es particulares de cada produto caso tenha de cancelar num prazo inferior a 48 horas.<\/p>\n<p>Caso o passageiro n\u00e3o compare\u00e7a nos hor\u00e1rios definidos para a excurs\u00e3o, n\u00e3o haver\u00e1 reembolso.<\/p>\n<p><b>Suspens\u00e3o devido \u00e0s condi\u00e7\u00f5es meteorol\u00f3gica:<\/b> Um reembolso total ser\u00e1 feito quando a empresa cancelar antes de iniciar o servi\u00e7o.<\/p>\n<p>O reembolso total ser\u00e1 feito quando a empresa cancelar antes de iniciar o servi\u00e7o.<\/p>\n<p>Caso haja indeniza\u00e7\u00e3o por situa\u00e7\u00e3o especial, ser\u00e1 acordada com as pessoas, e ser\u00e1 definida pelo desenvolvimento do programa de viagens.<\/p>\n<p><b>Importante:<\/b> Nenhuma excurs\u00e3o inclui seguro contra acidentes.<\/p>\n<p>Conhe\u00e7a nossos <a href=\"https:\/\/rebelviajes.com\/pt-br\/termos-e-condicoes\/\" target=\"_blank\" rel=\"noopener\">Termos e Condi\u00e7\u00f5es<\/a>.<\/p>\n<\/div>\n","protected":false},"excerpt":{"rendered":"<p>Sa\u00eddas de <strong>Punta Arenas<\/strong> at\u00e9 <strong>Torres del Paine<\/strong><br \/>\n<strong>Todos os dias<\/strong><br \/>\nHor\u00e1rio:<strong> in\u00edcio \u00e0s 5:15 \u2013 t\u00e9rmino \u00e0s 21:30<\/strong><\/p>\n","protected":false},"featured_media":185,"comment_status":"open","ping_status":"closed","template":"","meta":{"site-sidebar-layout":"default","site-content-layout":"default","ast-site-content-layout":"default","site-content-style":"default","site-sidebar-style":"default","ast-global-header-display":"","ast-banner-title-visibility":"","ast-main-header-display":"","ast-hfb-above-header-display":"","ast-hfb-below-header-display":"","ast-hfb-mobile-header-display":"","site-post-title":"","ast-breadcrumbs-content":"","ast-featured-img":"","footer-sml-layout":"","ast-disable-related-posts":"","theme-transparent-header-meta":"default","adv-header-id-meta":"","stick-header-meta":"","header-above-stick-meta":"","header-main-stick-meta":"","header-below-stick-meta":"","astra-migrate-meta-layouts":"default","ast-page-background-enabled":"default","ast-page-background-meta":{"desktop":{"background-color":"","background-image":"","background-repeat":"repeat","background-position":"center center","background-size":"auto","background-attachment":"scroll","background-type":"","background-media":"","overlay-type":"","overlay-color":"","overlay-opacity":"","overlay-gradient":""},"tablet":{"background-color":"","background-image":"","background-repeat":"repeat","background-position":"center center","background-size":"auto","background-attachment":"scroll","background-type":"","background-media":"","overlay-type":"","overlay-color":"","overlay-opacity":"","overlay-gradient":""},"mobile":{"background-color":"","background-image":"","background-repeat":"repeat","background-position":"center center","background-size":"auto","background-attachment":"scroll","background-type":"","background-media":"","overlay-type":"","overlay-color":"","overlay-opacity":"","overlay-gradient":""}},"ast-content-background-meta":{"desktop":{"background-color":"var(--ast-global-color-5)","background-image":"","background-repeat":"repeat","background-position":"center center","background-size":"auto","background-attachment":"scroll","background-type":"","background-media":"","overlay-type":"","overlay-color":"","overlay-opacity":"","overlay-gradient":""},"tablet":{"background-color":"var(--ast-global-color-5)","background-image":"","background-repeat":"repeat","background-position":"center center","background-size":"auto","background-attachment":"scroll","background-type":"","background-media":"","overlay-type":"","overlay-color":"","overlay-opacity":"","overlay-gradient":""},"mobile":{"background-color":"var(--ast-global-color-5)","background-image":"","background-repeat":"repeat","background-position":"center center","background-size":"auto","background-attachment":"scroll","background-type":"","background-media":"","overlay-type":"","overlay-color":"","overlay-opacity":"","overlay-gradient":""}}},"product_brand":[],"product_cat":[347,605],"product_tag":[530,509,491],"class_list":{"0":"post-990125033","1":"product","2":"type-product","3":"status-publish","4":"has-post-thumbnail","6":"product_cat-full-day-pt","7":"product_cat-punta-arenas-pt-br","8":"product_tag-excursion-nueva-pt-br","9":"product_tag-punta-arenas-pt-br-2","10":"product_tag-torres-del-paine-pt-br-2","11":"desktop-align-left","12":"tablet-align-left","13":"mobile-align-left","15":"first","16":"instock","17":"virtual","18":"sold-individually","19":"purchasable","20":"product-type-simple"},"_links":{"self":[{"href":"https:\/\/rebelviajes.com\/pt-br\/wp-json\/wp\/v2\/product\/990125033","targetHints":{"allow":["GET"]}}],"collection":[{"href":"https:\/\/rebelviajes.com\/pt-br\/wp-json\/wp\/v2\/product"}],"about":[{"href":"https:\/\/rebelviajes.com\/pt-br\/wp-json\/wp\/v2\/types\/product"}],"replies":[{"embeddable":true,"href":"https:\/\/rebelviajes.com\/pt-br\/wp-json\/wp\/v2\/comments?post=990125033"}],"version-history":[{"count":0,"href":"https:\/\/rebelviajes.com\/pt-br\/wp-json\/wp\/v2\/product\/990125033\/revisions"}],"wp:featuredmedia":[{"embeddable":true,"href":"https:\/\/rebelviajes.com\/pt-br\/wp-json\/wp\/v2\/media\/185"}],"wp:attachment":[{"href":"https:\/\/rebelviajes.com\/pt-br\/wp-json\/wp\/v2\/media?parent=990125033"}],"wp:term":[{"taxonomy":"product_brand","embeddable":true,"href":"https:\/\/rebelviajes.com\/pt-br\/wp-json\/wp\/v2\/product_brand?post=990125033"},{"taxonomy":"product_cat","embeddable":true,"href":"https:\/\/rebelviajes.com\/pt-br\/wp-json\/wp\/v2\/product_cat?post=990125033"},{"taxonomy":"product_tag","embeddable":true,"href":"https:\/\/rebelviajes.com\/pt-br\/wp-json\/wp\/v2\/product_tag?post=990125033"}],"curies":[{"name":"wp","href":"https:\/\/api.w.org\/{rel}","templated":true}]}}

<h2 id="descripcion">Descrição</h2>
<h3>Full day Torres del Paine de Punta Arenas: conheça a paisagem da oitava maravilha do mundo com conforto e comodidade</h3>
<p>Começamos nosso passeio <strong>Full Day Torres del Paine</strong> com o embarque do passageiro no hotel para um pequeno passeio pela cidade de <strong>Puerto Natales</strong>. Em seguida, seguimos em direção à nossa primeira parada: o famoso <strong>Monumento Natural Cueva del Milodón</strong>.</p>
<p>Lá, visitaremos a maior gruta de um conjunto de três grutas, que guardam no seu interior mais de 100 anos de história e vestígios de animais pré-históricos. Neste local, foram encontrados restos do mamífero herbívoro <strong>Mylodon Darwini</strong>, um animal da ordem Pilosa, que inclui os tamanduás, tamanduás-bandeira e bichos-preguiça. Essa espécie provavelmente se extinguiu no final do Pleistoceno.</p>
<p>Continuaremos desfrutando da incrível vista da <strong>Lagoa Sofia</strong>, do <strong>Lago Porteño</strong>, da <strong>Cordilheira Prat</strong>, do <strong>Cerro Mesa</strong>, da <strong>Sierra del Toro</strong> e da <strong>Sierra Ballena</strong>. Com 2 horas de viagem, chegaremos ao mirante do <strong>Lago del Toro</strong>. De lá, temos uma vista espetacular do lago e da <strong>Cordilheira Paine</strong>, também conhecido como <strong>Maciço Paine</strong>.</p>
<h3>Caminhe pelo setor de praia do Lago Grey</h3>
<p>O <strong>Full Day Torres del Paine</strong> continua pelo setor do <strong>Lago Grey</strong>, onde faremos uma curta caminhada de aproximadamente 20 minutos para chegar à margem do <strong>Lago Grey</strong>. A partir daí teremos outra perspectiva do <strong>Maciço Paine</strong> e dos <strong>Cuernos del Paine</strong>, se as condições metereológicas permitirem.</p>
<p>No total, são percorridos cerca de 3 km em terrenos de fácil acesso. Independentemente disso, a caminhada é opcional para quem não quer ou não se sente em condições de fazê-la. Em seguida, teremos uma pausa para almoçar em uma cafeteria, apreciando as belas vistas do <strong>Parque Torres del Paine</strong>.</p>
<h3>Cascata Salto Grande em Torres del Paine</h3>
<p>Nossa excursão por <strong>Torres del Paine</strong> continua a seguir para o setor do <strong>Salto Grande</strong>, onde visitaremos um dos mirantes do <strong>Lago Pehoé</strong>, lugar onde as gelerias do <strong>rio Paine</strong> descarregam suas poderosas águas. No final da excursão, visitaremos a <strong>Lagoa Amarga</strong> e o mirante do <strong>Lago Sarmiento</strong> e logo retornaremos ao seu local de hospedagem.</p>
<div class="divisor"></div>
<h2 id="detalle">Detalhe</h2>
<table>
<tbody>
<tr>
<th><i class="fa fa-check" aria-hidden="true"></i> Inclui</th>
</tr>
<tr>
<td>Traslado compartilhado<br />
Guia bilíngue (Espanhol e Inglês)</td>
</tr>
</tbody>
</table>
<table>
<tbody>
<tr>
<th><i class="fa fa-times" aria-hidden="true"></i> Não inclui</th>
</tr>
<tr>
<td>Gorjetas<br />
Entrada no Monumento Natural Cueva del Milodón<br />
Entrada no Parque Nacional Torres del Paine<br />
Alimentação<br />
Seguro contra acidentes</td>
</tr>
</tbody>
</table>
<div class="divisor"></div>
<h2 id="faq">FAQ</h2>
<h3>O que levar no Full Day Torres del Paine de Punta Arenas?</h3>
<p>Sapatos de caminhada impermeáveis, óculos de sol, protetor solar, água, chapéu para o sol, chapéu e luvas para o frio, camisas de manga curta e manga comprida, agasalho tipo lã e jaqueta e calça impermeável.</p>
<h3>Qual é o preço da entrada para o Monumento Nacional Cueva del Milodón?</h3>
<p>Você pode verificar o preço atualizado da entrada diretamente no site da <a href="https://www.conaf.cl/parques/monumento-natural-cueva-del-milodon/" target="_blank" rel="noopener">Conaf</a>.</p>
<h3>Qual é o preço da entrada do Parque Nacional Torres del Paine?</h3>
<p>Você pode verificar o preço atualizado da entrada diretamente no site do<a href="https://parquetorresdelpaine.cl/tarifas-y-horarios/" target="_blank" rel="noopener">Parque Torres del Paine</a>.</p>
<div class="divisor"></div>
<h2 id="condiciones">Condições</h2>
<p>Conheça as <span class="open-modal">condições de contratação</span> da excursão Full Day Torres del Paine de Punta Arenas.</p>
<div id="my-modal" class="modal">
<p><button class="close-modal"><i class="fa fa-times" aria-hidden="true"></i></button>de um dia inteiro ou meio dia em serviço regular.</p>
<p>Os locais a serem visitados estão sujeitos a alterações no mesmo dia da excursão em caso de condições climáticas adversas.</p>
<p>O horário de término desta atividade pode ser modificado devido às condições climáticas, por isso recomendamos que você não compre passagens para sair de Punta Arenas ou Puerto Natales até três horas após o horário programado para o retorno, nem deixe sua viagem para o dia seguinte ao final do passeio.</p>
<p>Para os dias 25 de dezembro e 1º de janeiro, a excursão não será realizada.</p>
<p>Cancelamento com um mínimo de 48 horas de antecedência, reembolso de 100% dependendo da forma de pagamento. Consulte as condições particulares de cada produto caso tenha de cancelar num prazo inferior a 48 horas.</p>
<p>Caso o passageiro não compareça nos horários definidos para a excursão, não haverá reembolso.</p>
<p><b>Suspensão devido às condições meteorológica:</b> Um reembolso total será feito quando a empresa cancelar antes de iniciar o serviço.</p>
<p>O reembolso total será feito quando a empresa cancelar antes de iniciar o serviço.</p>
<p>Caso haja indenização por situação especial, será acordada com as pessoas, e será definida pelo desenvolvimento do programa de viagens.</p>
<p><b>Importante:</b> Nenhuma excursão inclui seguro contra acidentes.</p>
<p>Conheça nossos <a href="https://rebelviajes.com/pt-br/termos-e-condicoes/" target="_blank" rel="noopener">Termos e Condições</a>.</p>
</div>

<p>Saídas de <strong>Punta Arenas</strong> até <strong>Torres del Paine</strong><br />
<strong>Todos os dias</strong><br />
Horário:<strong> início às 5:15 – término às 21:30</strong></p>
