{"id":990125212,"date":"2020-02-28T21:06:20","date_gmt":"2020-02-29T00:06:20","guid":{"rendered":"https:\/\/rebelviajes.com\/producto\/trekking-base-torres\/"},"modified":"2025-07-10T10:52:09","modified_gmt":"2025-07-10T14:52:09","slug":"trekking-base-torres","status":"publish","type":"product","link":"https:\/\/rebelviajes.com\/pt-br\/product\/trekking-base-torres\/","title":{"rendered":"Trekking Base Torres"},"content":{"rendered":"<h2 id=\"descripcion\">Descri\u00e7\u00e3o<\/h2>\n<h3>Descubra o Trekking Base Torres del Paine, a rota mais popular entre os visitantes do Parque Nacional Torres del Paine.<\/h3>\n<p>Com um total de 20 km, o <strong>Trekking Base Torres del Paine<\/strong> pode ser dividido em tr\u00eas etapas. A primeira etapa envolve uma subida de aproximadamente 45 minutos. Durante os intervalos, voc\u00ea s\u00f3 precisa se virar para apreciar vistas incr\u00edveis da paisagem ao redor, incluindo o <strong>Lago Nordenskj\u00f6ld<\/strong>. Depois, entramos no pr\u00f3ximo trecho composto por florestas, percorrendo um caminho menos \u00edngreme que nos leva ao in\u00edcio da \u00faltima etapa.<\/p>\n<p>O \u00faltimo trecho \u00e9 um dos mais dif\u00edceis devido ao cansa\u00e7o e ao desn\u00edvel do caminho pedregoso sobre a morena glacial, at\u00e9 chegar \u00e0 base das torres. As tr\u00eas torres principais s\u00e3o feitas de granito e ficam a uma altura m\u00e9dia de 2.600 metros acima do n\u00edvel do mar. Esses tr\u00eas gigantes de granito foram moldados pela for\u00e7a do gelo glacial. S\u00e3o elas a famosa <strong>Torre D&#8217;Agostini<\/strong>, a <strong>Torre Central<\/strong> e a <strong>Torre Monzino<\/strong>, que encantam os visitantes com sua beleza \u00fanica, uma experi\u00eancia imperd\u00edvel.<\/p>\n<h3>In\u00edcio da caminhada at\u00e9 o acampamento chileno<\/h3>\n<p>Nosso passeio come\u00e7a com o embarque no hotel e depois seguimos para o <strong>Parque Nacional Torres de Paine<\/strong> para come\u00e7ar este passeio desafiador. O <strong>Trekking Base Torres del Paine<\/strong> merece toda a fama que tem. Assim, ao longo do passeio apreciaremos a beleza da flora e fauna do <strong>Parque Nacional Torres del Paine<\/strong>. Primeiro, continuamos caminhando por alguns minutos at\u00e9 chegar ao <strong>Vale do Ascencio<\/strong>, onde seguimos por uma trilha estreita at\u00e9 chegar ao acampamento chileno, parada onde recomendamos fazer uma pausa para ir ao banheiro.<\/p>\n<p>Num segundo momento, atravessaremos um riacho, encontrando paisagens completamente diferentes da primeira etapa, muito mais verdes e com florestas pr\u00f3ximas. Nesta etapa do <strong>Trekking Base das Torres del Paine<\/strong>, h\u00e1 menos subidas e um caminho menos exigente em compara\u00e7\u00e3o com a primeira etapa do <strong>trekking<\/strong>.<\/p>\n<p>Ap\u00f3s aproximadamente 1 hora e 15 minutos de caminhada pela floresta de Lenga, voc\u00ea poder\u00e1 ver a <strong>Geleira Suspensa &#8220;Martina&#8221;<\/strong>.<\/p>\n<h3>Chegada \u00e0 base das Torres del Paine<\/h3>\n<p>Neste ponto do <strong>Trekking Base Torres del Paine<\/strong>, come\u00e7a a etapa final, tamb\u00e9m a mais dif\u00edcil e exigente. No qual \u00e9 preciso percorrer um quil\u00f4metro, algo que parece pequeno \u00e0 primeira vista, sempre subindo e entre pedras.<\/p>\n<p>Embora \u00e0 primeira vista possa parecer que n\u00e3o h\u00e1 trilha, voc\u00ea ver\u00e1 que h\u00e1 uma esp\u00e9cie de gravetos entre as pedras, com marca\u00e7\u00f5es vermelhas indicando o caminho que voc\u00ea deve seguir. Al\u00e9m disso, pode parecer inicialmente que a subida \u00e9 em linha reta, o que pode parecer muito mais desafiador do que realmente \u00e9.<\/p>\n<p>Uma vez na <strong>base das Torres del Paine<\/strong>, n\u00e3o sentimos nada al\u00e9m da natureza, do sil\u00eancio e do murm\u00fario das \u00e1guas, cercados por um dos ambientes mais incr\u00edveis que voc\u00ea conhecer\u00e1 em nossa viagem e que temos certeza de que nunca esquecer\u00e1. Ap\u00f3s esse hor\u00e1rio, voc\u00ea pode retornar pelo mesmo caminho e depois seguir para seu hotel para um merecido descanso.<\/p>\n<div class=\"divisor\"><\/div>\n<h2 id=\"detalle\">Detalhe<\/h2>\n<table>\n<tbody>\n<tr>\n<th><i class=\"fa fa-check\" aria-hidden=\"true\"><\/i> Inclui<\/th>\n<\/tr>\n<tr>\n<td>Traslado compartilhado<br \/>\nGuia bil\u00edngue (espanhol e ingl\u00eas)<br \/>\nBast\u00f5es de trekking<br \/>\nKit de primeiros socorros<\/td>\n<\/tr>\n<\/tbody>\n<\/table>\n<p>&nbsp;<\/p>\n<table>\n<tbody>\n<tr>\n<th><i class=\"fa fa-times\" aria-hidden=\"true\"><\/i> N\u00e3o inclui<\/th>\n<\/tr>\n<tr>\n<td>Gorjetas<br \/>\nEntrada para o Parque Nacional Torres del Paine<br \/>\nComida<br \/>\nSeguro de acidentes<\/td>\n<\/tr>\n<\/tbody>\n<\/table>\n<div class=\"divisor\"><\/div>\n<h2 id=\"faq\">FAQ<\/h2>\n<h3>O Trekking Base Torres del Paine \u00e9 adequado para todos?<\/h3>\n<p>Esta atividade n\u00e3o \u00e9 adequada para todos. Mulheres gr\u00e1vidas n\u00e3o podem participar e o passeio n\u00e3o \u00e9 recomendado para pessoas com problemas nos joelhos e\/ou na coluna, problemas respirat\u00f3rios ou card\u00edacos. Al\u00e9m disso, a idade m\u00ednima exigida \u00e9 de 14 anos.<\/p>\n<h3>Qual \u00e9 a dist\u00e2ncia percorrida no Trekking Base Torres del Paine?<\/h3>\n<p>A dist\u00e2ncia total a ser percorrida \u00e9 de 20 km.<\/p>\n<h3>O que levar para o Trekking Base Torres del Paine?<\/h3>\n<p>Cal\u00e7ados imperme\u00e1veis \u200b\u200bpara caminhadas, \u00f3culos de sol, protetor solar, \u00e1gua, chap\u00e9u para o sol, chap\u00e9u e luvas para o frio, camisas de manga curta e manga longa, agasalhos de l\u00e3 e jaqueta e cal\u00e7as imperme\u00e1veis.<\/p>\n<h3>Qual \u00e9 o pre\u00e7o da entrada do Parque Nacional Torres del Paine?<\/h3>\n<p>Voc\u00ea pode verificar o pre\u00e7o atualizado da entrada diretamente no site do <a href=\"https:\/\/parquetorresdelpaine.cl\/tarifas-y-horarios\/\" target=\"_blank\" rel=\"noopener\">Parque Torres del Paine<\/a>.<\/p>\n<div class=\"divisor\"><\/div>\n<h2 id=\"condiciones\">Condi\u00e7\u00f5es<\/h2>\n<p>Passeio de um dia inteiro ou meio dia em servi\u00e7o regular.<\/p>\n<p>Os locais a serem visitados est\u00e3o sujeitos a altera\u00e7\u00f5es no mesmo dia do passeio em caso de condi\u00e7\u00f5es clim\u00e1ticas adversas.<\/p>\n<p>O hor\u00e1rio de t\u00e9rmino desta atividade pode ser modificado devido \u00e0s condi\u00e7\u00f5es clim\u00e1ticas, por isso recomendamos que voc\u00ea n\u00e3o compre passagens para sair de Punta Arenas ou Puerto Natales at\u00e9 tr\u00eas horas ap\u00f3s o hor\u00e1rio programado para o retorno, nem deixe sua viagem para o dia seguinte ao final do passeio.<\/p>\n<p>Para os dias 25 de dezembro e 1\u00ba de janeiro, o passeio n\u00e3o ser\u00e1 realizado.<\/p>\n<p>Cancelamento com um m\u00ednimo de 48 horas de anteced\u00eancia, reembolso de 100% dependendo da forma de pagamento. Consulte as condi\u00e7\u00f5es particulares de cada produto caso tenha de cancelar num prazo inferior a 48 horas.<\/p>\n<p>Caso o passageiro n\u00e3o compare\u00e7a nos hor\u00e1rios definidos para o passeio, n\u00e3o haver\u00e1 reembolso.<\/p>\n<p><b>Suspens\u00e3o devido \u00e0s condi\u00e7\u00f5es meteorol\u00f3gica:<\/b> Um reembolso total ser\u00e1 feito quando a empresa cancelar antes de iniciar o servi\u00e7o.<\/p>\n<p>O reembolso total ser\u00e1 feito quando a empresa cancelar antes de iniciar o servi\u00e7o.<\/p>\n<p>Caso haja indeniza\u00e7\u00e3o por situa\u00e7\u00e3o especial, ser\u00e1 acordada com as pessoas, e ser\u00e1 definida pelo desenvolvimento do programa de viagens.<\/p>\n<p><b>Importante:<\/b> Nenhum passeio inclui seguro contra acidentes.<\/p>\n<p>Conhe\u00e7a nossos <a href=\"https:\/\/rebelviajes.com\/pt-br\/termos-e-condicoes\/\" target=\"_blank\" rel=\"noopener\">Termos e Condi\u00e7\u00f5es<\/a>.<\/p>\n","protected":false},"excerpt":{"rendered":"<p><strong>Puerto Natales<\/strong> at\u00e9 <strong>Torres del Paine<\/strong><br \/>\n<strong>Todos os dias<\/strong><br \/>\nHor\u00e1rio: <strong>in\u00edcio \u00e0s 7:00 \u2013 t\u00e9rmino \u00e0s 20:00<\/strong><\/p>\n","protected":false},"featured_media":587,"comment_status":"open","ping_status":"closed","template":"","meta":{"site-sidebar-layout":"default","site-content-layout":"default","ast-site-content-layout":"default","site-content-style":"default","site-sidebar-style":"default","ast-global-header-display":"","ast-banner-title-visibility":"","ast-main-header-display":"","ast-hfb-above-header-display":"","ast-hfb-below-header-display":"","ast-hfb-mobile-header-display":"","site-post-title":"","ast-breadcrumbs-content":"","ast-featured-img":"","footer-sml-layout":"","ast-disable-related-posts":"","theme-transparent-header-meta":"default","adv-header-id-meta":"","stick-header-meta":"","header-above-stick-meta":"","header-main-stick-meta":"","header-below-stick-meta":"","astra-migrate-meta-layouts":"default","ast-page-background-enabled":"default","ast-page-background-meta":{"desktop":{"background-color":"","background-image":"","background-repeat":"repeat","background-position":"center center","background-size":"auto","background-attachment":"scroll","background-type":"","background-media":"","overlay-type":"","overlay-color":"","overlay-opacity":"","overlay-gradient":""},"tablet":{"background-color":"","background-image":"","background-repeat":"repeat","background-position":"center center","background-size":"auto","background-attachment":"scroll","background-type":"","background-media":"","overlay-type":"","overlay-color":"","overlay-opacity":"","overlay-gradient":""},"mobile":{"background-color":"","background-image":"","background-repeat":"repeat","background-position":"center center","background-size":"auto","background-attachment":"scroll","background-type":"","background-media":"","overlay-type":"","overlay-color":"","overlay-opacity":"","overlay-gradient":""}},"ast-content-background-meta":{"desktop":{"background-color":"var(--ast-global-color-5)","background-image":"","background-repeat":"repeat","background-position":"center center","background-size":"auto","background-attachment":"scroll","background-type":"","background-media":"","overlay-type":"","overlay-color":"","overlay-opacity":"","overlay-gradient":""},"tablet":{"background-color":"var(--ast-global-color-5)","background-image":"","background-repeat":"repeat","background-position":"center center","background-size":"auto","background-attachment":"scroll","background-type":"","background-media":"","overlay-type":"","overlay-color":"","overlay-opacity":"","overlay-gradient":""},"mobile":{"background-color":"var(--ast-global-color-5)","background-image":"","background-repeat":"repeat","background-position":"center center","background-size":"auto","background-attachment":"scroll","background-type":"","background-media":"","overlay-type":"","overlay-color":"","overlay-opacity":"","overlay-gradient":""}}},"product_brand":[],"product_cat":[97,602,606],"product_tag":[530,73,508,140,491],"class_list":{"0":"post-990125212","1":"product","2":"type-product","3":"status-publish","4":"has-post-thumbnail","6":"product_cat-excursoes","7":"product_cat-puerto-natales-torres-del-paine-pt-br","8":"product_cat-trekking-pt-br","9":"product_tag-excursion-nueva-pt-br","10":"product_tag-puerto-natales-pt-br","11":"product_tag-puerto-natales-pt-br-2","12":"product_tag-torres-del-paine-pt-br","13":"product_tag-torres-del-paine-pt-br-2","14":"desktop-align-left","15":"tablet-align-left","16":"mobile-align-left","18":"first","19":"instock","20":"virtual","21":"sold-individually","22":"purchasable","23":"product-type-simple"},"_links":{"self":[{"href":"https:\/\/rebelviajes.com\/pt-br\/wp-json\/wp\/v2\/product\/990125212","targetHints":{"allow":["GET"]}}],"collection":[{"href":"https:\/\/rebelviajes.com\/pt-br\/wp-json\/wp\/v2\/product"}],"about":[{"href":"https:\/\/rebelviajes.com\/pt-br\/wp-json\/wp\/v2\/types\/product"}],"replies":[{"embeddable":true,"href":"https:\/\/rebelviajes.com\/pt-br\/wp-json\/wp\/v2\/comments?post=990125212"}],"version-history":[{"count":0,"href":"https:\/\/rebelviajes.com\/pt-br\/wp-json\/wp\/v2\/product\/990125212\/revisions"}],"wp:featuredmedia":[{"embeddable":true,"href":"https:\/\/rebelviajes.com\/pt-br\/wp-json\/wp\/v2\/media\/587"}],"wp:attachment":[{"href":"https:\/\/rebelviajes.com\/pt-br\/wp-json\/wp\/v2\/media?parent=990125212"}],"wp:term":[{"taxonomy":"product_brand","embeddable":true,"href":"https:\/\/rebelviajes.com\/pt-br\/wp-json\/wp\/v2\/product_brand?post=990125212"},{"taxonomy":"product_cat","embeddable":true,"href":"https:\/\/rebelviajes.com\/pt-br\/wp-json\/wp\/v2\/product_cat?post=990125212"},{"taxonomy":"product_tag","embeddable":true,"href":"https:\/\/rebelviajes.com\/pt-br\/wp-json\/wp\/v2\/product_tag?post=990125212"}],"curies":[{"name":"wp","href":"https:\/\/api.w.org\/{rel}","templated":true}]}}

<h2 id="descripcion">Descrição</h2>
<h3>Descubra o Trekking Base Torres del Paine, a rota mais popular entre os visitantes do Parque Nacional Torres del Paine.</h3>
<p>Com um total de 20 km, o <strong>Trekking Base Torres del Paine</strong> pode ser dividido em três etapas. A primeira etapa envolve uma subida de aproximadamente 45 minutos. Durante os intervalos, você só precisa se virar para apreciar vistas incríveis da paisagem ao redor, incluindo o <strong>Lago Nordenskjöld</strong>. Depois, entramos no próximo trecho composto por florestas, percorrendo um caminho menos íngreme que nos leva ao início da última etapa.</p>
<p>O último trecho é um dos mais difíceis devido ao cansaço e ao desnível do caminho pedregoso sobre a morena glacial, até chegar à base das torres. As três torres principais são feitas de granito e ficam a uma altura média de 2.600 metros acima do nível do mar. Esses três gigantes de granito foram moldados pela força do gelo glacial. São elas a famosa <strong>Torre D&#8217;Agostini</strong>, a <strong>Torre Central</strong> e a <strong>Torre Monzino</strong>, que encantam os visitantes com sua beleza única, uma experiência imperdível.</p>
<h3>Início da caminhada até o acampamento chileno</h3>
<p>Nosso passeio começa com o embarque no hotel e depois seguimos para o <strong>Parque Nacional Torres de Paine</strong> para começar este passeio desafiador. O <strong>Trekking Base Torres del Paine</strong> merece toda a fama que tem. Assim, ao longo do passeio apreciaremos a beleza da flora e fauna do <strong>Parque Nacional Torres del Paine</strong>. Primeiro, continuamos caminhando por alguns minutos até chegar ao <strong>Vale do Ascencio</strong>, onde seguimos por uma trilha estreita até chegar ao acampamento chileno, parada onde recomendamos fazer uma pausa para ir ao banheiro.</p>
<p>Num segundo momento, atravessaremos um riacho, encontrando paisagens completamente diferentes da primeira etapa, muito mais verdes e com florestas próximas. Nesta etapa do <strong>Trekking Base das Torres del Paine</strong>, há menos subidas e um caminho menos exigente em comparação com a primeira etapa do <strong>trekking</strong>.</p>
<p>Após aproximadamente 1 hora e 15 minutos de caminhada pela floresta de Lenga, você poderá ver a <strong>Geleira Suspensa &#8220;Martina&#8221;</strong>.</p>
<h3>Chegada à base das Torres del Paine</h3>
<p>Neste ponto do <strong>Trekking Base Torres del Paine</strong>, começa a etapa final, também a mais difícil e exigente. No qual é preciso percorrer um quilômetro, algo que parece pequeno à primeira vista, sempre subindo e entre pedras.</p>
<p>Embora à primeira vista possa parecer que não há trilha, você verá que há uma espécie de gravetos entre as pedras, com marcações vermelhas indicando o caminho que você deve seguir. Além disso, pode parecer inicialmente que a subida é em linha reta, o que pode parecer muito mais desafiador do que realmente é.</p>
<p>Uma vez na <strong>base das Torres del Paine</strong>, não sentimos nada além da natureza, do silêncio e do murmúrio das águas, cercados por um dos ambientes mais incríveis que você conhecerá em nossa viagem e que temos certeza de que nunca esquecerá. Após esse horário, você pode retornar pelo mesmo caminho e depois seguir para seu hotel para um merecido descanso.</p>
<div class="divisor"></div>
<h2 id="detalle">Detalhe</h2>
<table>
<tbody>
<tr>
<th><i class="fa fa-check" aria-hidden="true"></i> Inclui</th>
</tr>
<tr>
<td>Traslado compartilhado<br />
Guia bilíngue (espanhol e inglês)<br />
Bastões de trekking<br />
Kit de primeiros socorros</td>
</tr>
</tbody>
</table>
<p>&nbsp;</p>
<table>
<tbody>
<tr>
<th><i class="fa fa-times" aria-hidden="true"></i> Não inclui</th>
</tr>
<tr>
<td>Gorjetas<br />
Entrada para o Parque Nacional Torres del Paine<br />
Comida<br />
Seguro de acidentes</td>
</tr>
</tbody>
</table>
<div class="divisor"></div>
<h2 id="faq">FAQ</h2>
<h3>O Trekking Base Torres del Paine é adequado para todos?</h3>
<p>Esta atividade não é adequada para todos. Mulheres grávidas não podem participar e o passeio não é recomendado para pessoas com problemas nos joelhos e/ou na coluna, problemas respiratórios ou cardíacos. Além disso, a idade mínima exigida é de 14 anos.</p>
<h3>Qual é a distância percorrida no Trekking Base Torres del Paine?</h3>
<p>A distância total a ser percorrida é de 20 km.</p>
<h3>O que levar para o Trekking Base Torres del Paine?</h3>
<p>Calçados impermeáveis ​​para caminhadas, óculos de sol, protetor solar, água, chapéu para o sol, chapéu e luvas para o frio, camisas de manga curta e manga longa, agasalhos de lã e jaqueta e calças impermeáveis.</p>
<h3>Qual é o preço da entrada do Parque Nacional Torres del Paine?</h3>
<p>Você pode verificar o preço atualizado da entrada diretamente no site do <a href="https://parquetorresdelpaine.cl/tarifas-y-horarios/" target="_blank" rel="noopener">Parque Torres del Paine</a>.</p>
<div class="divisor"></div>
<h2 id="condiciones">Condições</h2>
<p>Passeio de um dia inteiro ou meio dia em serviço regular.</p>
<p>Os locais a serem visitados estão sujeitos a alterações no mesmo dia do passeio em caso de condições climáticas adversas.</p>
<p>O horário de término desta atividade pode ser modificado devido às condições climáticas, por isso recomendamos que você não compre passagens para sair de Punta Arenas ou Puerto Natales até três horas após o horário programado para o retorno, nem deixe sua viagem para o dia seguinte ao final do passeio.</p>
<p>Para os dias 25 de dezembro e 1º de janeiro, o passeio não será realizado.</p>
<p>Cancelamento com um mínimo de 48 horas de antecedência, reembolso de 100% dependendo da forma de pagamento. Consulte as condições particulares de cada produto caso tenha de cancelar num prazo inferior a 48 horas.</p>
<p>Caso o passageiro não compareça nos horários definidos para o passeio, não haverá reembolso.</p>
<p><b>Suspensão devido às condições meteorológica:</b> Um reembolso total será feito quando a empresa cancelar antes de iniciar o serviço.</p>
<p>O reembolso total será feito quando a empresa cancelar antes de iniciar o serviço.</p>
<p>Caso haja indenização por situação especial, será acordada com as pessoas, e será definida pelo desenvolvimento do programa de viagens.</p>
<p><b>Importante:</b> Nenhum passeio inclui seguro contra acidentes.</p>
<p>Conheça nossos <a href="https://rebelviajes.com/pt-br/termos-e-condicoes/" target="_blank" rel="noopener">Termos e Condições</a>.</p>

<p><strong>Puerto Natales</strong> até <strong>Torres del Paine</strong><br />
<strong>Todos os dias</strong><br />
Horário: <strong>início às 7:00 – término às 20:00</strong></p>
